x + 1. Calculate g(-5).
-44
Let z(y) = 3*y**3 + 25*y**2 - 18. Give z(-8).
46
Let j(l) = 58*l - 41. What is j(1)?
17
Let k(l) = -l**3 + 4*l**2 - 3*l + 10. Calculate k(4).
-2
Let j(x) = x**3 - 8*x**2 - 28*x + 27. Give j(12).
267
Let s(f) = 28*f**2 + 1928*f - 283. Calculate s(-69).
-7
Let v(o) = -1186*o + 1162. Determine v(1).
-24
Let p(g) = 3*g**2 - 88*g - 340. Determine p(33).
23
Let p(c) = -c**2 + 1585*c - 6322. What is p(4)?
2
Let c(u) = 42*u + 212. Determine c(-5).
2
Let j(l) = -219*l + 2433. What is j(11)?
24
Let s(n) = n**3 + 12*n**2 - 144*n + 85. What is s(7)?
8
Let u(l) = l**2 + 669*l - 6778. Give u(10).
12
Let k(d) = 7*d**3 - 337*d**2 + 46*d + 81. Give k(48).
-15
Let n(f) = -3*f**2 - 206*f - 337. What is n(-67)?
-2
Let h(i) = i**3 + 101*i**2 + 195*i - 303. What is h(-99)?
-6
Let r(z) = -1644*z + 27923. Give r(17).
-25
Let v(g) = -12*g**2 - 306*g - 147. Determine v(-25).
3
Let d(c) = -c**2 + 23*c + 134. What is d(30)?
-76
Let y(q) = 29*q + 1335. Give y(-56).
-289
Let n(q) = q**2 - 34*q + 197. Determine n(9).
-28
Let l(a) = -a**3 - 17*a**2 - 26*a - 20. Give l(-16).
140
Let i(a) = 9*a + 276. What is i(-32)?
-12
Let y(l) = 73*l + 788. Give y(-11).
-15
Let s(k) = 366*k - 1084. Calculate s(3).
14
Let s(t) = -12*t**2 - 980*t - 1967. Calculate s(-2).
-55
Let y(q) = -117*q**2 + 3755*q - 344. Determine y(32).
8
Let k(s) = -4*s**2 - 145*s + 100. Calculate k(-37).
-11
Let b(r) = r**2 + 50*r + 341. What is b(-42)?
5
Let x(q) = 2*q**3 - 28*q**2 + 53*q - 40. Determine x(12).
20
Let w(p) = -7*p**2 + 532*p + 578. Calculate w(77).
39
Let s(r) = 8*r**2 + 16*r - 90. What is s(-6)?
102
Let p(h) = -790*h - 10261. Give p(-13).
9
Let b(s) = -43*s + 2715. What is b(63)?
6
Let b(y) = -11859*y - 260903. Give b(-22).
-5
Let c(t) = -3*t**3 + 33*t**2 - 67*t + 39. Give c(8).
79
Let u(n) = n**3 + 62*n**2 - 215*n - 16837. What is u(-61)?
-1
Let u(m) = m**2 - 472*m - 7292. Determine u(-15).
13
Let w(i) = -6*i**3 + i**2 - 36*i - 79. Determine w(-2).
45
Let v(q) = -2*q**3 - 104*q**2 + 31*q + 1606. What is v(-52)?
-6
Let u(m) = -99*m + 1093. What is u(11)?
4
Let y(z) = 745*z + 1428. Determine y(-2).
-62
Let p(o) = 10*o**2 + 76*o + 87. Give p(-6).
-9
Let n(g) = -g**3 + 87*g**2 + 178*g + 15. Give n(89).
15
Let p(u) = u**2 - 10*u + 24. Give p(4).
0
Let r(k) = 136*k + 365. What is r(-3)?
-43
Let z(c) = c**3 - 87*c**2 + 87*c - 343. Determine z(86).
-257
Let a(s) = 977*s + 12695. Calculate a(-13).
-6
Let t(k) = 6*k**2 + 164*k - 11. What is t(-26)?
-219
Let y(p) = 4*p**2 + 282*p - 1045. Give y(-74).
-9
Let a(o) = -31*o**3 + o**2 + 21*o - 4. Determine a(3).
-769
Let j(a) = -2*a**3 - 10*a**2 + 4*a + 123. Determine j(-7).
291
Let h(x) = -14*x + 62. Calculate h(-11).
216
Let d(r) = -4814*r + 110728. Calculate d(23).
6
Let z(c) = 2105*c + 14809. Give z(-7).
74
Let t(g) = -g**2 - 88*g - 1351. Calculate t(-31).
416
Let i(m) = m**3 - 262*m**2 + 3469*m + 49. Calculate i(14).
7
Let v(l) = -133*l + 653. What is v(5)?
-12
Let q(a) = -4*a**2 + 613*a - 6. Determine q(0).
-6
Let c(x) = x**2 - 10*x - 192. Give c(-9).
-21
Let a(f) = -15*f**3 - 19*f**2 - 31*f - 1. Determine a(-2).
105
Let p(m) = -140*m - 3775. Give p(-27).
5
Let w(s) = 675*s - 24286. What is w(36)?
14
Let j(s) = -s**3 - 58*s**2 + 1093*s - 151. Determine j(-73).
-5
Let o(k) = -k**3 + k**2 - 10*k + 26. Calculate o(3).
-22
Let w(a) = a**2 - 20*a + 35. Determine w(14).
-49
Let d(s) = 432*s + 2599. Give d(-6).
7
Let i(c) = -c**3 + 72*c**2 + 161*c - 959. Give i(74).
3
Let n(j) = -j**3 + 18*j**2 - 80*j + 22. What is n(10)?
22
Let a(d) = -14*d - 244. Determine a(-15).
-34
Let u(v) = 3*v**2 - 45*v + 163. Calculate u(7).
-5
Let g(j) = 67*j**2 + 394*j - 51. Determine g(-6).
-3
Let g(c) = -c**2 - 2*c + 274. Calculate g(-15).
79
Let k(u) = u**3 - 27*u**2 + 36*u - 221. Calculate k(26).
39
Let m(b) = 3*b**2 - 77*b - 101. Calculate m(27).
7
Let a(i) = -i**2 + 19*i - 27. What is a(16)?
21
Let s(m) = 2*m**3 - 79*m**2 - 45*m + 200. Determine s(40).
0
Let h(n) = 12*n**2 - 51*n - 52. What is h(-1)?
11
Let f(o) = -2*o**3 + 164*o**2 - 5*o + 405. What is f(82)?
-5
Let p(m) = -5*m**2 + 19*m + 165. What is p(-4)?
9
Let k(j) = j**3 + 5*j**2 - 14*j - 5. What is k(-6)?
43
Let b(y) = y**3 + 45*y**2 + 38*y - 2068. Calculate b(-43).
-4
Let c(u) = -55*u + 882. What is c(15)?
57
Let f(b) = -149*b**2 + 5*b + 4. What is f(-1)?
-150
Let d(j) = 170*j - 8638. What is d(50)?
-138
Let w(p) = -2*p**3 + 4*p**2 - 19*p + 16. Determine w(4).
-124
Let t(o) = 3*o**2 - 6*o + 8. What is t(-7)?
197
Let v(h) = 30*h + 223. What is v(-3)?
133
Let l(d) = 2*d**2 + 332*d + 2823. Give l(-9).
-3
Let b(a) = 6*a + 288. Give b(-48).
0
Let n(l) = -l**3 + l**2 + 30*l - 74. What is n(3)?
-2
Let l(n) = -8*n**2 - 119*n - 3. Determine l(-15).
-18
Let h(i) = -32*i - 89. Calculate h(-6).
103
Let n(x) = x**2 - 45*x + 269. Calculate n(7).
3
Let x(i) = 24*i**3 - 4*i**2 + 3*i - 1. Determine x(1).
22
Let x(o) = 20*o + 577. Calculate x(-29).
-3
Let i(z) = 3793*z + 22. What is i(0)?
22
Let g(z) = -z**2 - 341*z + 12743. Determine g(34).
-7
Let o(t) = 2*t**2 + 53*t - 90. Determine o(-23).
-251
Let j(v) = -2*v**2 - 9*v - 23. Give j(0).
-23
Let a(q) = 3*q + 415. Give a(-12).
379
Let v(d) = 566*d - 24327. Calculate v(43).
11
Let w(t) = -t**3 - 7*t**2 + 30*t + 152. Determine w(-4).
-16
Let q(m) = -4*m**2 - 42*m - 295. What is q(-10)?
-275
Let f(d) = d**3 - 18*d**2 + 33*d - 19. What is f(16)?
-3
Let p(q) = -q**3 - 47*q**2 - 2*q - 83. Determine p(-47).
11
Let a(c) = -6*c**2 - 16*c + 20629. Give a(-60).
-11
Let x(g) = g**3 + 24*g**2 + 110*g + 316. Calculate x(-19).
31
Let i(n) = 15*n**2 - 1454*n - 7637. Determine i(-5).
8
Let p(x) = -25*x + 264. Determine p(17).
-161
Let s(u) = -20*u**2 + 3*u - 1. Determine s(-3).
-190
Let r(c) = -11*c**2 + 1370*c - 758. Calculate r(124).
-14
Let f(w) = 986*w + 68020. Give f(-69).
-14
Let h(n) = n**2 - 22*n + 21. Calculate h(22).
21
Let h(k) = -k**3 - 23*k**2 - 30*k + 248. What is h(-21)?
-4
Let v(n) = 236*n + 3532. Calculate v(-15).
-8
Let k(m) = -m**2 - 75*m + 7. What is k(-75)?
7
Let p(q) = 7*q**3 + 230*q**2 - 29*q + 133. What is p(-33)?
1
Let s(k) = -20*k - 1541. Calculate s(-76).
-21
Let a(p) = p**2 - 168*p + 990. Calculate a(162).
18
Let o(l) = 37*l + 85. Calculate o(-2).
11
Let h(z) = -z**3 - 23*z**2 + 51*z + 25. What is h(-25)?
0
Let f(j) = -64*j - 11834. Give f(-185).
6
Let s(b) = -3*b**2 - 166*b - 69. What is s(-55)?
-14
Let g(y) = -46*y - 1573. What is g(-34)?
-9
Let a(r) = 10*r**2 + 77*r - 12. What is a(-6)?
-114
Let z(f) = f**2 - 14*f - 491. What is z(-23)?
360
Let i(t) = 5*t**3 + t**2 - 2354*t - 2356. Give i(-1).
-6
Let x(z) = -z**3 - 3*z**2 + 73*z - 20. Give x(-11).
145
Let w(l) = -296*l - 2664. Give w(-9).
0
Let o(y) = -8*y**2 + 164*y + 271. What is o(22)?
7
Let l(x) = 6*x**2 - 14*x - 14. What is l(4)?
26
Let m(c) = c**3 + 16*c**2 + 29*c + 446. Calculate m(-16).
-18
Let b(y) = y**2 - 55*y + 7. Calculate b(57).
121
Let u(f) = -f**3 - 10*f**2 - 2*f + 8. Determine u(-10).
28
Let l(f) = -2*f**2 + 14*f + 26. What is l(-7)?
-170
Let b(c) = c**3 - 13*c**2 + c + 69. What is b(12)?
-63
Let h(q) = -10*q**2 - 28*q - 2. Calculate h(-4).
-50
Let m(d) = 33*d - 3005. Calculate m(91).
-2
Let h(r) = -51*r + 138. What is h(5)?
-117
Let i(m) = -m**2 - 400*m - 7250. What is i(-19)?
-11
Let a(w) = -w**3 - 2*w**2 + 7*w + 537. Determine a(0).
537
Let y(c) = 2*c**2 + 431*c - 27191. What is y(51)?
-8
Let j(b) = -b**3 + 48*b**2 + 172*b - 973. Give j(51).
-4
Let o(r) = 6*r**3 - 3*r**2 - 12*r + 30. Calculate o(4).
318
Let w(z) = z**2 - 31*z - 52. What is w(15)?
-292
Let v(t) = 64*t**2 - 1918*t - 91. Determine v(30).
-31
Let z(w) = 2*w**2 - 321*w - 953. Give z(-3).
28
Let v(i) = 949*i**3 + 85*i**2 - 87*i + 1. Determine v(1).
948
Let u(g) = -295*g + 1770. What is u(6)?
0
Let b(i) = -421*i - 433. What is b(-1)?
-12
Let s(h) = -3*h - 44. Determine s(-2).
-38
Let u(o) = o**3 - 35*o**2 - 62*o + 1000. Calculate u(36).
64
Let f(q) = 3*q**2 + 773*q - 6370. Give f(8).
6
Let u(x) = -751*x + 3007. Give u(4).
3
Let b(n) = 97*n - 7186. Determine b(74).
-8
Let p(v) = v - 71. Calculate p(13).
-58
Let x(m) = -m**2 - 311*m + 16833. What is x(47)?
7
Let i(h) = 22*h**3 + 4*h**2 + 329*h - 331. Determine i(1).
24
Let y(k) = 405*k + 8913. Give y(-22).
3
Let u(z) = 3*z**2 + 30*z - 26. Calculate u(-7).
-89
Let m(